{"id":660,"date":"2023-04-19T20:09:27","date_gmt":"2023-04-19T20:09:27","guid":{"rendered":"http:\/\/lechampdesbaleines.com\/?page_id=660"},"modified":"2023-11-20T13:14:59","modified_gmt":"2023-11-20T13:14:59","slug":"bezzib","status":"publish","type":"page","link":"http:\/\/lechampdesbaleines.com\/index.php\/bezzib\/","title":{"rendered":"Bezzib"},"content":{"rendered":"\n<div id=\"wp-block-themeisle-blocks-advanced-columns-539bfef7\" class=\"wp-block-themeisle-blocks-advanced-columns alignfull has-1-columns has-desktop-equal-layout has-tablet-equal-layout has-mobile-equal-layout has-vertical-unset\"><div class=\"wp-block-themeisle-blocks-advanced-columns-overlay\"><\/div><div class=\"innerblocks-wrap\">\n<div id=\"wp-block-themeisle-blocks-advanced-column-3d912051\" class=\"wp-block-themeisle-blocks-advanced-column\">\n<h2 id=\"wp-block-themeisle-blocks-advanced-heading-69e54eb2\" class=\"wp-block-themeisle-blocks-advanced-heading wp-block-themeisle-blocks-advanced-heading-69e54eb2\">BEZZIB<\/h2>\n<\/div>\n<\/div><\/div>\n\n\n\n<div class=\"is-layout-constrained wp-block-group\"><div class=\"wp-block-group__inner-container\">\n<div id=\"wp-block-themeisle-blocks-advanced-columns-0c2ccac9\" class=\"wp-block-themeisle-blocks-advanced-columns alignfull has-2-columns has-desktop-equal-layout has-tablet-equal-layout has-mobile-collapsedRows-layout has-vertical-center\"><div class=\"wp-block-themeisle-blocks-advanced-columns-overlay\"><\/div><div class=\"innerblocks-wrap\">\n<div id=\"wp-block-themeisle-blocks-advanced-column-744c7705\" class=\"wp-block-themeisle-blocks-advanced-column\">\n<p><em>Cr\u00e9\u00e9 \u00e0 partir d\u2019improvisations collectives, Bezzib propose un morceau-concert ininterrompu. Emport\u00e9 dans ce flux musical, l\u2019auditeur suit un courant d\u2019\u00e9v\u00e9nements musicaux h\u00e9t\u00e9roclites et bigarr\u00e9s, passant d\u2019une sensation \u00e0 une autre \u2013 acc\u00e8s de col\u00e8re, calme d\u2019une ligne m\u00e9lodique, ostinatos envo\u00fbtants. Bezzib invente ainsi une musique unique, travers\u00e9e par des \u00e9nergies aussi vari\u00e9es que leurs influences musicales. Leur esth\u00e9tique singuli\u00e8re emprunte aux musiques actuelles, traditionnelles et improvis\u00e9es.<\/em><\/p>\n\n\n\n<p><em>Pour r\u00e9aliser leur musique, les cinq musiciens jouent sur le rythme \u2013 polyrythmie, ruptures, homorythmie \u2013 et mettent en r\u00e9sonance les timbres de leur instrumentarium : soufflants (clarinette, basson, clarinette basse), cordes (violoncelle, basse \u00e9lectrique, contrebasse) et percussions (batterie, multipercussions). Gr\u00e2ce \u00e0 ces couleurs instrumentales \u2013 tant\u00f4t jazz, tant\u00f4t classique, par moment musique de chambre, mais toujours avec le choix de s\u2019ancrer dans des sonorit\u00e9s actuelles \u2013 Bezzib propose au public de se laisser emporter, le temps d\u2019un concert, dans un v\u00e9ritable Maelstr\u00f6m.<\/em><\/p>\n<\/div>\n\n\n\n<div id=\"wp-block-themeisle-blocks-advanced-column-476cfb53\" class=\"wp-block-themeisle-blocks-advanced-column\">\n<figure class=\"wp-block-image size-large\"><img decoding=\"async\" loading=\"lazy\" width=\"1024\" height=\"576\" src=\"http:\/\/lechampdesbaleines.com\/wp-content\/uploads\/2023\/04\/photo-Bezzib-web-1024x576.jpg\" alt=\"\" class=\"wp-image-662\" srcset=\"http:\/\/lechampdesbaleines.com\/wp-content\/uploads\/2023\/04\/photo-Bezzib-web-1024x576.jpg 1024w, http:\/\/lechampdesbaleines.com\/wp-content\/uploads\/2023\/04\/photo-Bezzib-web-300x169.jpg 300w, http:\/\/lechampdesbaleines.com\/wp-content\/uploads\/2023\/04\/photo-Bezzib-web-768x432.jpg 768w, http:\/\/lechampdesbaleines.com\/wp-content\/uploads\/2023\/04\/photo-Bezzib-web-1536x864.jpg 1536w, http:\/\/lechampdesbaleines.com\/wp-content\/uploads\/2023\/04\/photo-Bezzib-web-2048x1152.jpg 2048w\" sizes=\"(max-width: 1024px) 100vw, 1024px\" \/><\/figure>\n\n\n\n<h3 id=\"wp-block-themeisle-blocks-advanced-heading-6efa1221\" class=\"wp-block-themeisle-blocks-advanced-heading wp-block-themeisle-blocks-advanced-heading-6efa1221\">Line up :<\/h3>\n\n\n\n<p class=\"has-text-align-right\"><strong>Marceau Beyer : <\/strong>Violoncelle<br><strong>Nicolas Canavaggia <\/strong>: Contrebasse\/basse<br><strong>L\u00e9o Delay<\/strong> : Batterie<br><strong>Quentin Desgeorges<\/strong> : Clarinettes<br><strong>Nicolas Mary<\/strong> : Dulciane<\/p>\n<\/div>\n<\/div><\/div>\n<\/div><\/div>\n\n\n\n<div class=\"is-layout-constrained wp-block-group has-nv-dark-bg-color has-nv-light-bg-background-color has-text-color has-background\"><div class=\"wp-block-group__inner-container\">\n<div id=\"wp-block-themeisle-blocks-advanced-columns-efea21dd\" class=\"wp-block-themeisle-blocks-advanced-columns has-1-columns has-desktop-equal-layout has-tablet-equal-layout has-mobile-equal-layout has-vertical-unset\"><div class=\"wp-block-themeisle-blocks-advanced-columns-overlay\"><\/div><div class=\"innerblocks-wrap\">\n<div id=\"wp-block-themeisle-blocks-advanced-column-67f6d99e\" class=\"wp-block-themeisle-blocks-advanced-column\">\n<h2 id=\"wp-block-themeisle-blocks-advanced-heading-440a4e76\" class=\"wp-block-themeisle-blocks-advanced-heading wp-block-themeisle-blocks-advanced-heading-440a4e76\">Videos &#8211; live sessions<\/h2>\n<\/div>\n<\/div><\/div>\n\n\n\n<div id=\"wp-block-themeisle-blocks-advanced-columns-711d183a\" class=\"wp-block-themeisle-blocks-advanced-columns alignfull has-1-columns has-desktop-equal-layout has-tablet-equal-layout has-mobile-collapsedRows-layout has-vertical-center\"><div class=\"wp-block-themeisle-blocks-advanced-columns-overlay\"><\/div><div class=\"innerblocks-wrap\">\n<div id=\"wp-block-themeisle-blocks-advanced-column-848ba07b\" class=\"wp-block-themeisle-blocks-advanced-column\">\n<figure class=\"wp-block-embed is-type-video is-provider-youtube wp-block-embed-youtube wp-embed-aspect-16-9 wp-has-aspect-ratio\"><div class=\"wp-block-embed__wrapper\">\n<div class=\"nv-iframe-embed\"><iframe loading=\"lazy\" title=\"Bezzib - Teaser 2022\" width=\"1200\" height=\"675\" src=\"https:\/\/www.youtube.com\/embed\/ZB25qWoBW4Y?feature=oembed\" frameborder=\"0\" allow=\"accelerometer; autoplay; clipboard-write; encrypted-media; gyroscope; picture-in-picture; web-share\" allowfullscreen><\/iframe><\/div>\n<\/div><figcaption class=\"wp-element-caption\">Teaser \u00ab\u00a0Au feu le grand b\u00e2ton\u00a0\u00bb<\/figcaption><\/figure>\n<\/div>\n<\/div><\/div>\n<\/div><\/div>\n\n\n\n<div class=\"is-layout-constrained wp-block-group\"><div class=\"wp-block-group__inner-container\">\n<div id=\"wp-block-themeisle-blocks-advanced-columns-e3599f7d\" class=\"wp-block-themeisle-blocks-advanced-columns has-1-columns has-desktop-equal-layout has-tablet-equal-layout has-mobile-equal-layout has-vertical-unset\"><div class=\"wp-block-themeisle-blocks-advanced-columns-overlay\"><\/div><div class=\"innerblocks-wrap\">\n<div id=\"wp-block-themeisle-blocks-advanced-column-35e1d422\" class=\"wp-block-themeisle-blocks-advanced-column\">\n<h2 id=\"wp-block-themeisle-blocks-advanced-heading-809cd2e3\" class=\"wp-block-themeisle-blocks-advanced-heading wp-block-themeisle-blocks-advanced-heading-809cd2e3\">Album<\/h2>\n<\/div>\n<\/div><\/div>\n\n\n\n<div id=\"wp-block-themeisle-blocks-advanced-columns-2d339305\" class=\"wp-block-themeisle-blocks-advanced-columns alignfull has-2-columns has-desktop-equal-layout has-tablet-equal-layout has-mobile-collapsedRows-layout has-vertical-center\"><div class=\"wp-block-themeisle-blocks-advanced-columns-overlay\"><\/div><div class=\"innerblocks-wrap\">\n<div id=\"wp-block-themeisle-blocks-advanced-column-7b6631a3\" class=\"wp-block-themeisle-blocks-advanced-column\">\n<figure class=\"is-layout-flex wp-block-gallery-4 wp-block-gallery has-nested-images columns-default is-cropped\">\n<figure class=\"wp-duotone-unset-3 wp-block-image size-full\" id=\"wp-block-themeisle-blocks-image-2cb7eb7c\"><img decoding=\"async\" loading=\"lazy\" width=\"700\" height=\"700\" src=\"http:\/\/lechampdesbaleines.com\/wp-content\/uploads\/2023\/04\/EP-bezzib-web.jpg\" alt=\"\" class=\"wp-image-667\" srcset=\"http:\/\/lechampdesbaleines.com\/wp-content\/uploads\/2023\/04\/EP-bezzib-web.jpg 700w, http:\/\/lechampdesbaleines.com\/wp-content\/uploads\/2023\/04\/EP-bezzib-web-300x300.jpg 300w, http:\/\/lechampdesbaleines.com\/wp-content\/uploads\/2023\/04\/EP-bezzib-web-150x150.jpg 150w\" sizes=\"(max-width: 700px) 100vw, 700px\" \/><\/figure>\n<\/figure>\n<\/div>\n\n\n\n<div id=\"wp-block-themeisle-blocks-advanced-column-24e1096a\" class=\"wp-block-themeisle-blocks-advanced-column\">\n<h3 id=\"wp-block-themeisle-blocks-advanced-heading-0ab655d3\" class=\"wp-block-themeisle-blocks-advanced-heading wp-block-themeisle-blocks-advanced-heading-0ab655d3\">Au feu le grand b\u200b\u00e2\u200bton (EP, 2022)<\/h3>\n\n\n\n<p>Enregistrement, mixage, matering :<br>Production : <em class=\"\">Le Champ des Baleines<\/em><\/p>\n\n\n\n<div class=\"is-layout-flex wp-container-8 wp-block-columns\">\n<div class=\"is-layout-flow wp-block-column\" style=\"flex-basis:100%\">\n<div class=\"is-layout-constrained wp-block-group\"><div class=\"wp-block-group__inner-container\">\n<div id=\"wp-block-themeisle-blocks-button-group-1b430fc6\" class=\"wp-block-themeisle-blocks-button-group collapse-mobile wp-block-buttons align-center\">\n<div id=\"wp-block-themeisle-blocks-button-f6ba0c93\" class=\"wp-block-themeisle-blocks-button wp-block-button\"><a href=\"https:\/\/bezzib.bandcamp.com\/album\/au-feu-le-grand-b-ton-ep-2022\" target=\"_blank\" rel=\"noopener noreferrer\" class=\"wp-block-button__link\"><i class=\"fab fa-fw fa-bandcamp margin-right\"><\/i><span>BANDCAMP<\/span><\/a><\/div>\n<\/div>\n<\/div><\/div>\n<\/div>\n<\/div>\n<\/div>\n<\/div><\/div>\n<\/div><\/div>\n\n\n\n<div class=\"is-layout-constrained wp-block-group has-nv-light-bg-background-color has-background\"><div class=\"wp-block-group__inner-container\">\n<div id=\"wp-block-themeisle-blocks-advanced-columns-eada7123\" class=\"wp-block-themeisle-blocks-advanced-columns has-1-columns has-desktop-equal-layout has-tablet-equal-layout has-mobile-equal-layout has-vertical-unset\"><div class=\"wp-block-themeisle-blocks-advanced-columns-overlay\"><\/div><div class=\"innerblocks-wrap\">\n<div id=\"wp-block-themeisle-blocks-advanced-column-f5a8417f\" class=\"wp-block-themeisle-blocks-advanced-column\">\n<h2 id=\"wp-block-themeisle-blocks-advanced-heading-9a22d4a2\" class=\"wp-block-themeisle-blocks-advanced-heading wp-block-themeisle-blocks-advanced-heading-9a22d4a2\">Presse &#8211; Photos<\/h2>\n<\/div>\n<\/div><\/div>\n\n\n\n<div id=\"wp-block-themeisle-blocks-advanced-columns-689792a4\" class=\"wp-block-themeisle-blocks-advanced-columns alignfull has-4-columns has-desktop-equal-layout has-tablet-equal-layout has-mobile-collapsedRows-layout has-vertical-unset\"><div class=\"wp-block-themeisle-blocks-advanced-columns-overlay\"><\/div><div class=\"innerblocks-wrap\">\n<div id=\"wp-block-themeisle-blocks-advanced-column-7617fd3b\" class=\"wp-block-themeisle-blocks-advanced-column\">\n<figure class=\"wp-duotone-333-rgb204204204-10 wp-block-image size-large is-resized\"><a href=\"http:\/\/lechampdesbaleines.com\/wp-content\/uploads\/2023\/04\/Alt-Jazz-Festival-16-BEZZIB-23-janvier-2023-0217.jpg\"><img decoding=\"async\" loading=\"lazy\" src=\"http:\/\/lechampdesbaleines.com\/wp-content\/uploads\/2023\/04\/Alt-Jazz-Festival-16-BEZZIB-23-janvier-2023-0217-682x1024.jpg\" alt=\"\" class=\"wp-image-726\" width=\"171\" height=\"256\" srcset=\"http:\/\/lechampdesbaleines.com\/wp-content\/uploads\/2023\/04\/Alt-Jazz-Festival-16-BEZZIB-23-janvier-2023-0217-682x1024.jpg 682w, http:\/\/lechampdesbaleines.com\/wp-content\/uploads\/2023\/04\/Alt-Jazz-Festival-16-BEZZIB-23-janvier-2023-0217-200x300.jpg 200w, http:\/\/lechampdesbaleines.com\/wp-content\/uploads\/2023\/04\/Alt-Jazz-Festival-16-BEZZIB-23-janvier-2023-0217-768x1154.jpg 768w, http:\/\/lechampdesbaleines.com\/wp-content\/uploads\/2023\/04\/Alt-Jazz-Festival-16-BEZZIB-23-janvier-2023-0217-1022x1536.jpg 1022w, http:\/\/lechampdesbaleines.com\/wp-content\/uploads\/2023\/04\/Alt-Jazz-Festival-16-BEZZIB-23-janvier-2023-0217-1363x2048.jpg 1363w, http:\/\/lechampdesbaleines.com\/wp-content\/uploads\/2023\/04\/Alt-Jazz-Festival-16-BEZZIB-23-janvier-2023-0217.jpg 1572w\" sizes=\"(max-width: 171px) 100vw, 171px\" \/><\/a><\/figure>\n<\/div>\n\n\n\n<div id=\"wp-block-themeisle-blocks-advanced-column-55b96c88\" class=\"wp-block-themeisle-blocks-advanced-column\">\n<figure class=\"wp-block-image size-large is-resized\"><a href=\"http:\/\/lechampdesbaleines.com\/wp-content\/uploads\/2023\/04\/Alt-Jazz-Festival-16-BEZZIB-23-janvier-2023-0038-scaled.jpg\"><img decoding=\"async\" loading=\"lazy\" src=\"http:\/\/lechampdesbaleines.com\/wp-content\/uploads\/2023\/04\/Alt-Jazz-Festival-16-BEZZIB-23-janvier-2023-0038-1024x682.jpg\" alt=\"\" class=\"wp-image-721\" width=\"256\" height=\"171\" srcset=\"http:\/\/lechampdesbaleines.com\/wp-content\/uploads\/2023\/04\/Alt-Jazz-Festival-16-BEZZIB-23-janvier-2023-0038-1024x682.jpg 1024w, http:\/\/lechampdesbaleines.com\/wp-content\/uploads\/2023\/04\/Alt-Jazz-Festival-16-BEZZIB-23-janvier-2023-0038-300x200.jpg 300w, http:\/\/lechampdesbaleines.com\/wp-content\/uploads\/2023\/04\/Alt-Jazz-Festival-16-BEZZIB-23-janvier-2023-0038-768x511.jpg 768w, http:\/\/lechampdesbaleines.com\/wp-content\/uploads\/2023\/04\/Alt-Jazz-Festival-16-BEZZIB-23-janvier-2023-0038-1536x1022.jpg 1536w, http:\/\/lechampdesbaleines.com\/wp-content\/uploads\/2023\/04\/Alt-Jazz-Festival-16-BEZZIB-23-janvier-2023-0038-2048x1363.jpg 2048w, http:\/\/lechampdesbaleines.com\/wp-content\/uploads\/2023\/04\/Alt-Jazz-Festival-16-BEZZIB-23-janvier-2023-0038-930x620.jpg 930w\" sizes=\"(max-width: 256px) 100vw, 256px\" \/><\/a><\/figure>\n<\/div>\n\n\n\n<div id=\"wp-block-themeisle-blocks-advanced-column-18d88edb\" class=\"wp-block-themeisle-blocks-advanced-column\">\n<figure class=\"wp-duotone-333-rgb204204204-11 wp-block-image size-large is-resized\"><a href=\"http:\/\/lechampdesbaleines.com\/wp-content\/uploads\/2023\/04\/Alt-Jazz-Festival-16-BEZZIB-23-janvier-2023-0072-scaled.jpg\"><img decoding=\"async\" loading=\"lazy\" src=\"http:\/\/lechampdesbaleines.com\/wp-content\/uploads\/2023\/04\/Alt-Jazz-Festival-16-BEZZIB-23-janvier-2023-0072-1024x682.jpg\" alt=\"\" class=\"wp-image-722\" width=\"256\" height=\"171\" srcset=\"http:\/\/lechampdesbaleines.com\/wp-content\/uploads\/2023\/04\/Alt-Jazz-Festival-16-BEZZIB-23-janvier-2023-0072-1024x682.jpg 1024w, http:\/\/lechampdesbaleines.com\/wp-content\/uploads\/2023\/04\/Alt-Jazz-Festival-16-BEZZIB-23-janvier-2023-0072-300x200.jpg 300w, http:\/\/lechampdesbaleines.com\/wp-content\/uploads\/2023\/04\/Alt-Jazz-Festival-16-BEZZIB-23-janvier-2023-0072-768x511.jpg 768w, http:\/\/lechampdesbaleines.com\/wp-content\/uploads\/2023\/04\/Alt-Jazz-Festival-16-BEZZIB-23-janvier-2023-0072-1536x1022.jpg 1536w, http:\/\/lechampdesbaleines.com\/wp-content\/uploads\/2023\/04\/Alt-Jazz-Festival-16-BEZZIB-23-janvier-2023-0072-2048x1363.jpg 2048w, http:\/\/lechampdesbaleines.com\/wp-content\/uploads\/2023\/04\/Alt-Jazz-Festival-16-BEZZIB-23-janvier-2023-0072-930x620.jpg 930w\" sizes=\"(max-width: 256px) 100vw, 256px\" \/><\/a><\/figure>\n<\/div>\n\n\n\n<div id=\"wp-block-themeisle-blocks-advanced-column-e5b84f5a\" class=\"wp-block-themeisle-blocks-advanced-column\">\n<figure class=\"wp-duotone-333-rgb204204204-12 wp-block-image size-large is-resized\"><a href=\"http:\/\/lechampdesbaleines.com\/wp-content\/uploads\/2023\/04\/Alt-Jazz-Festival-16-BEZZIB-23-janvier-2023-0209-1.jpg\"><img decoding=\"async\" loading=\"lazy\" src=\"http:\/\/lechampdesbaleines.com\/wp-content\/uploads\/2023\/04\/Alt-Jazz-Festival-16-BEZZIB-23-janvier-2023-0209-1-682x1024.jpg\" alt=\"\" class=\"wp-image-727\" width=\"171\" height=\"256\" srcset=\"http:\/\/lechampdesbaleines.com\/wp-content\/uploads\/2023\/04\/Alt-Jazz-Festival-16-BEZZIB-23-janvier-2023-0209-1-682x1024.jpg 682w, http:\/\/lechampdesbaleines.com\/wp-content\/uploads\/2023\/04\/Alt-Jazz-Festival-16-BEZZIB-23-janvier-2023-0209-1-200x300.jpg 200w, http:\/\/lechampdesbaleines.com\/wp-content\/uploads\/2023\/04\/Alt-Jazz-Festival-16-BEZZIB-23-janvier-2023-0209-1-768x1154.jpg 768w, http:\/\/lechampdesbaleines.com\/wp-content\/uploads\/2023\/04\/Alt-Jazz-Festival-16-BEZZIB-23-janvier-2023-0209-1-1022x1536.jpg 1022w, http:\/\/lechampdesbaleines.com\/wp-content\/uploads\/2023\/04\/Alt-Jazz-Festival-16-BEZZIB-23-janvier-2023-0209-1-1363x2048.jpg 1363w, http:\/\/lechampdesbaleines.com\/wp-content\/uploads\/2023\/04\/Alt-Jazz-Festival-16-BEZZIB-23-janvier-2023-0209-1.jpg 1572w\" sizes=\"(max-width: 171px) 100vw, 171px\" \/><\/a><\/figure>\n<\/div>\n<\/div><\/div>\n<\/div><\/div>\n\n\n\n<div id=\"wp-block-themeisle-blocks-advanced-columns-2ce4b32a\" class=\"wp-block-themeisle-blocks-advanced-columns has-1-columns has-desktop-equal-layout has-tablet-equal-layout has-mobile-equal-layout has-vertical-unset\"><div class=\"wp-block-themeisle-blocks-advanced-columns-overlay\"><\/div><div class=\"innerblocks-wrap\">\n<div id=\"wp-block-themeisle-blocks-advanced-column-3b9df9c7\" class=\"wp-block-themeisle-blocks-advanced-column\">\n<h2 id=\"wp-block-themeisle-blocks-advanced-heading-ac46c23a\" class=\"wp-block-themeisle-blocks-advanced-heading wp-block-themeisle-blocks-advanced-heading-ac46c23a\">Dossier Pro<\/h2>\n\n\n\n<div id=\"wp-block-themeisle-blocks-button-group-0a6b73d3\" class=\"wp-block-themeisle-blocks-button-group collapse-mobile wp-block-buttons align-center\">\n<div id=\"wp-block-themeisle-blocks-button-921b97a8\" class=\"wp-block-themeisle-blocks-button wp-block-button is-style-fill\"><a href=\"https:\/\/drive.google.com\/file\/d\/1m6ffGU2nyEuJaWnEWLraFIb8tGSWnjBZ\/view?pli=1\" target=\"_blank\" rel=\"noopener noreferrer\" class=\"wp-block-button__link\"><i class=\"far fa-fw fa-arrow-alt-circle-down margin-right\"><\/i><span>DOSSIER DE Pr\u00e9sentation 2023<\/span><\/a><\/div>\n<\/div>\n<\/div>\n<\/div><\/div>\n","protected":false},"excerpt":{"rendered":"","protected":false},"author":1,"featured_media":0,"parent":0,"menu_order":0,"comment_status":"closed","ping_status":"closed","template":"page-templates\/template-pagebuilder-full-width.php","meta":{"neve_meta_sidebar":"full-width","neve_meta_container":"","neve_meta_enable_content_width":"on","neve_meta_content_width":100,"neve_meta_title_alignment":"","neve_meta_author_avatar":"","neve_post_elements_order":"","neve_meta_disable_header":"","neve_meta_disable_footer":"","neve_meta_disable_title":"","_themeisle_gutenberg_block_has_review":false,"_ti_tpc_template_sync":false,"_ti_tpc_template_id":"1qjlm7vwlcouxxbejza5"},"_links":{"self":[{"href":"http:\/\/lechampdesbaleines.com\/index.php\/wp-json\/wp\/v2\/pages\/660"}],"collection":[{"href":"http:\/\/lechampdesbaleines.com\/index.php\/wp-json\/wp\/v2\/pages"}],"about":[{"href":"http:\/\/lechampdesbaleines.com\/index.php\/wp-json\/wp\/v2\/types\/page"}],"author":[{"embeddable":true,"href":"http:\/\/lechampdesbaleines.com\/index.php\/wp-json\/wp\/v2\/users\/1"}],"replies":[{"embeddable":true,"href":"http:\/\/lechampdesbaleines.com\/index.php\/wp-json\/wp\/v2\/comments?post=660"}],"version-history":[{"count":11,"href":"http:\/\/lechampdesbaleines.com\/index.php\/wp-json\/wp\/v2\/pages\/660\/revisions"}],"predecessor-version":[{"id":869,"href":"http:\/\/lechampdesbaleines.com\/index.php\/wp-json\/wp\/v2\/pages\/660\/revisions\/869"}],"wp:attachment":[{"href":"http:\/\/lechampdesbaleines.com\/index.php\/wp-json\/wp\/v2\/media?parent=660"}],"curies":[{"name":"wp","href":"https:\/\/api.w.org\/{rel}","templated":true}]}}