{"id":682,"date":"2023-04-19T20:43:04","date_gmt":"2023-04-19T20:43:04","guid":{"rendered":"http:\/\/lechampdesbaleines.com\/?page_id=682"},"modified":"2023-10-18T19:17:47","modified_gmt":"2023-10-18T19:17:47","slug":"megaptera","status":"publish","type":"page","link":"http:\/\/lechampdesbaleines.com\/index.php\/megaptera\/","title":{"rendered":"Megaptera"},"content":{"rendered":"\n<div id=\"wp-block-themeisle-blocks-advanced-columns-539bfef7\" class=\"wp-block-themeisle-blocks-advanced-columns alignfull has-1-columns has-desktop-equal-layout has-tablet-equal-layout has-mobile-equal-layout has-vertical-unset\"><div class=\"wp-block-themeisle-blocks-advanced-columns-overlay\"><\/div><div class=\"innerblocks-wrap\">\n<div id=\"wp-block-themeisle-blocks-advanced-column-3d912051\" class=\"wp-block-themeisle-blocks-advanced-column\">\n<h2 id=\"wp-block-themeisle-blocks-advanced-heading-69e54eb2\" class=\"wp-block-themeisle-blocks-advanced-heading wp-block-themeisle-blocks-advanced-heading-69e54eb2\">MEGAPTERA<\/h2>\n<\/div>\n<\/div><\/div>\n\n\n\n<div class=\"is-layout-constrained wp-block-group\"><div class=\"wp-block-group__inner-container\">\n<div id=\"wp-block-themeisle-blocks-advanced-columns-0c2ccac9\" class=\"wp-block-themeisle-blocks-advanced-columns alignfull has-2-columns has-desktop-equal-layout has-tablet-equal-layout has-mobile-collapsedRows-layout has-vertical-center\"><div class=\"wp-block-themeisle-blocks-advanced-columns-overlay\"><\/div><div class=\"innerblocks-wrap\">\n<div id=\"wp-block-themeisle-blocks-advanced-column-744c7705\" class=\"wp-block-themeisle-blocks-advanced-column\">\n<p><em>Megaptera est un concert en solo conceptuel qui nous imagine un temps vivre aupr\u00e8s des baleines \u00e0 bosses et baleines bor\u00e9ales.<br>C\u2019est un dialogue fantasm\u00e9 entre contrebasse et baleines qui rend compte de leur vie secr\u00e8te et raconte une partie de leur histoire avec les humains.<br>C\u2019est aussi un moment en suspens qui cherche \u00e0 provoquer le sentiment oc\u00e9anique et encourage l\u2019introspection.<\/em><\/p>\n\n\n\n<h3 id=\"wp-block-themeisle-blocks-advanced-heading-6efa1221\" class=\"wp-block-themeisle-blocks-advanced-heading wp-block-themeisle-blocks-advanced-heading-6efa1221\">Line up :<\/h3>\n\n\n\n<p class=\"has-text-align-right\"><strong>Nicolas Canavaggia <\/strong>: Contrebasse, machines<br><\/p>\n<\/div>\n\n\n\n<div id=\"wp-block-themeisle-blocks-advanced-column-476cfb53\" class=\"wp-block-themeisle-blocks-advanced-column\"><div class=\"wp-block-image\">\n<figure class=\"aligncenter size-full is-resized\"><img decoding=\"async\" loading=\"lazy\" src=\"http:\/\/lechampdesbaleines.com\/wp-content\/uploads\/2023\/04\/Megaptera-nico.jpg\" alt=\"\" class=\"wp-image-717\" width=\"350\" height=\"350\" srcset=\"http:\/\/lechampdesbaleines.com\/wp-content\/uploads\/2023\/04\/Megaptera-nico.jpg 700w, http:\/\/lechampdesbaleines.com\/wp-content\/uploads\/2023\/04\/Megaptera-nico-300x300.jpg 300w, http:\/\/lechampdesbaleines.com\/wp-content\/uploads\/2023\/04\/Megaptera-nico-150x150.jpg 150w\" sizes=\"(max-width: 350px) 100vw, 350px\" \/><\/figure><\/div><\/div>\n<\/div><\/div>\n<\/div><\/div>\n\n\n\n<div class=\"is-layout-constrained wp-block-group has-nv-light-bg-background-color has-background\"><div class=\"wp-block-group__inner-container\">\n<div id=\"wp-block-themeisle-blocks-advanced-columns-e3599f7d\" class=\"wp-block-themeisle-blocks-advanced-columns has-1-columns has-desktop-equal-layout has-tablet-equal-layout has-mobile-equal-layout has-vertical-unset\"><div class=\"wp-block-themeisle-blocks-advanced-columns-overlay\"><\/div><div class=\"innerblocks-wrap\">\n<div id=\"wp-block-themeisle-blocks-advanced-column-35e1d422\" class=\"wp-block-themeisle-blocks-advanced-column\">\n<h2 id=\"wp-block-themeisle-blocks-advanced-heading-809cd2e3\" class=\"wp-block-themeisle-blocks-advanced-heading wp-block-themeisle-blocks-advanced-heading-809cd2e3\">Videos &#8211; live sessions<\/h2>\n<\/div>\n<\/div><\/div>\n\n\n\n<div id=\"wp-block-themeisle-blocks-advanced-columns-2d339305\" class=\"wp-block-themeisle-blocks-advanced-columns alignfull has-1-columns has-desktop-equal-layout has-tablet-equal-layout has-mobile-collapsedRows-layout has-vertical-center\"><div class=\"wp-block-themeisle-blocks-advanced-columns-overlay\"><\/div><div class=\"innerblocks-wrap\">\n<div id=\"wp-block-themeisle-blocks-advanced-column-7b6631a3\" class=\"wp-block-themeisle-blocks-advanced-column\">\n<figure class=\"wp-block-embed aligncenter is-type-video is-provider-youtube wp-block-embed-youtube wp-embed-aspect-16-9 wp-has-aspect-ratio\"><div class=\"wp-block-embed__wrapper\">\n<div class=\"nv-iframe-embed\"><iframe loading=\"lazy\" title=\"MEGAPTERA - DIVA - Captation Sauvage\" width=\"1200\" height=\"675\" src=\"https:\/\/www.youtube.com\/embed\/AR_T3MKkxcM?feature=oembed\" frameborder=\"0\" allow=\"accelerometer; autoplay; clipboard-write; encrypted-media; gyroscope; picture-in-picture; web-share\" allowfullscreen><\/iframe><\/div>\n<\/div><figcaption class=\"wp-element-caption\">Captation sauvage<\/figcaption><\/figure>\n<\/div>\n<\/div><\/div>\n<\/div><\/div>\n\n\n\n<div class=\"is-layout-constrained wp-block-group\"><div class=\"wp-block-group__inner-container\">\n<div id=\"wp-block-themeisle-blocks-advanced-columns-f48f54da\" class=\"wp-block-themeisle-blocks-advanced-columns has-1-columns has-desktop-equal-layout has-tablet-equal-layout has-mobile-equal-layout has-vertical-unset\"><div class=\"wp-block-themeisle-blocks-advanced-columns-overlay\"><\/div><div class=\"innerblocks-wrap\">\n<div id=\"wp-block-themeisle-blocks-advanced-column-422da105\" class=\"wp-block-themeisle-blocks-advanced-column\">\n<h2 id=\"wp-block-themeisle-blocks-advanced-heading-19a6967c\" class=\"wp-block-themeisle-blocks-advanced-heading wp-block-themeisle-blocks-advanced-heading-19a6967c\">Album<\/h2>\n<\/div>\n<\/div><\/div>\n\n\n\n<div id=\"wp-block-themeisle-blocks-advanced-columns-ef3261c7\" class=\"wp-block-themeisle-blocks-advanced-columns alignfull has-2-columns has-desktop-equal-layout has-tablet-equal-layout has-mobile-collapsedRows-layout has-vertical-center\"><div class=\"wp-block-themeisle-blocks-advanced-columns-overlay\"><\/div><div class=\"innerblocks-wrap\">\n<div id=\"wp-block-themeisle-blocks-advanced-column-5b3523dc\" class=\"wp-block-themeisle-blocks-advanced-column\">\n<figure class=\"is-layout-flex wp-block-gallery-4 wp-block-gallery has-nested-images columns-default is-cropped\">\n<figure class=\"wp-duotone-unset-3 wp-block-image size-full\" id=\"wp-block-themeisle-blocks-image-da9bd08a\"><img decoding=\"async\" loading=\"lazy\" width=\"700\" height=\"700\" src=\"http:\/\/lechampdesbaleines.com\/wp-content\/uploads\/2023\/04\/magaptera-tchoukotka.jpg\" alt=\"\" class=\"wp-image-711\" srcset=\"http:\/\/lechampdesbaleines.com\/wp-content\/uploads\/2023\/04\/magaptera-tchoukotka.jpg 700w, http:\/\/lechampdesbaleines.com\/wp-content\/uploads\/2023\/04\/magaptera-tchoukotka-300x300.jpg 300w, http:\/\/lechampdesbaleines.com\/wp-content\/uploads\/2023\/04\/magaptera-tchoukotka-150x150.jpg 150w\" sizes=\"(max-width: 700px) 100vw, 700px\" \/><\/figure>\n<\/figure>\n<\/div>\n\n\n\n<div id=\"wp-block-themeisle-blocks-advanced-column-b4d8010f\" class=\"wp-block-themeisle-blocks-advanced-column\">\n<div class=\"is-layout-flex wp-container-8 wp-block-columns\">\n<div class=\"is-layout-flow wp-block-column\" style=\"flex-basis:100%\">\n<h3>En ecoute sur bandcamp :<\/h3>\n\n\n\n<p>Interview @ Radio Calade (2022)<br>Enregistrements live @ Le P\u00e9riscope (2022)<br>Album digital Tchoukotka (2022)<br>Enregistrements live @ La M\u00e9andre (2022)<\/p>\n\n\n\n<div class=\"is-layout-constrained wp-block-group\"><div class=\"wp-block-group__inner-container\">\n<div id=\"wp-block-themeisle-blocks-button-group-209a1495\" class=\"wp-block-themeisle-blocks-button-group collapse-mobile wp-block-buttons align-center\">\n<div id=\"wp-block-themeisle-blocks-button-15ec4131\" class=\"wp-block-themeisle-blocks-button wp-block-button\"><a href=\"https:\/\/canamegaptera.bandcamp.com\/\" target=\"_blank\" rel=\"noopener noreferrer\" class=\"wp-block-button__link\"><i class=\"fab fa-fw fa-bandcamp margin-right\"><\/i><span>BANDCAMP<\/span><\/a><\/div>\n<\/div>\n<\/div><\/div>\n<\/div>\n<\/div>\n<\/div>\n<\/div><\/div>\n<\/div><\/div>\n\n\n\n<div class=\"is-layout-constrained wp-block-group has-nv-light-bg-background-color has-background\"><div class=\"wp-block-group__inner-container\">\n<div id=\"wp-block-themeisle-blocks-advanced-columns-eada7123\" class=\"wp-block-themeisle-blocks-advanced-columns has-1-columns has-desktop-equal-layout has-tablet-equal-layout has-mobile-equal-layout has-vertical-unset\"><div class=\"wp-block-themeisle-blocks-advanced-columns-overlay\"><\/div><div class=\"innerblocks-wrap\">\n<div id=\"wp-block-themeisle-blocks-advanced-column-f5a8417f\" class=\"wp-block-themeisle-blocks-advanced-column\">\n<h2 id=\"wp-block-themeisle-blocks-advanced-heading-9a22d4a2\" class=\"wp-block-themeisle-blocks-advanced-heading wp-block-themeisle-blocks-advanced-heading-9a22d4a2\">Presse &#8211; Photos<\/h2>\n<\/div>\n<\/div><\/div>\n\n\n\n<div id=\"wp-block-themeisle-blocks-advanced-columns-689792a4\" class=\"wp-block-themeisle-blocks-advanced-columns alignfull has-1-columns has-desktop-equal-layout has-tablet-equal-layout has-mobile-collapsedRows-layout has-vertical-unset\"><div class=\"wp-block-themeisle-blocks-advanced-columns-overlay\"><\/div><div class=\"innerblocks-wrap\">\n<div id=\"wp-block-themeisle-blocks-advanced-column-55b96c88\" class=\"wp-block-themeisle-blocks-advanced-column\">\n<figure class=\"wp-block-image size-large\"><img decoding=\"async\" loading=\"lazy\" width=\"1024\" height=\"558\" src=\"http:\/\/lechampdesbaleines.com\/wp-content\/uploads\/2023\/05\/6-1024x558.jpg\" alt=\"\" class=\"wp-image-801\" srcset=\"http:\/\/lechampdesbaleines.com\/wp-content\/uploads\/2023\/05\/6-1024x558.jpg 1024w, http:\/\/lechampdesbaleines.com\/wp-content\/uploads\/2023\/05\/6-300x163.jpg 300w, http:\/\/lechampdesbaleines.com\/wp-content\/uploads\/2023\/05\/6-768x418.jpg 768w, http:\/\/lechampdesbaleines.com\/wp-content\/uploads\/2023\/05\/6.jpg 1094w\" sizes=\"(max-width: 1024px) 100vw, 1024px\" \/><\/figure>\n<\/div>\n<\/div><\/div>\n<\/div><\/div>\n\n\n\n<div id=\"wp-block-themeisle-blocks-advanced-columns-2ce4b32a\" class=\"wp-block-themeisle-blocks-advanced-columns has-1-columns has-desktop-equal-layout has-tablet-equal-layout has-mobile-equal-layout has-vertical-unset\"><div class=\"wp-block-themeisle-blocks-advanced-columns-overlay\"><\/div><div class=\"innerblocks-wrap\">\n<div id=\"wp-block-themeisle-blocks-advanced-column-3b9df9c7\" class=\"wp-block-themeisle-blocks-advanced-column\">\n<h2 id=\"wp-block-themeisle-blocks-advanced-heading-ac46c23a\" class=\"wp-block-themeisle-blocks-advanced-heading wp-block-themeisle-blocks-advanced-heading-ac46c23a\">Dossier Pro<\/h2>\n\n\n\n<div id=\"wp-block-themeisle-blocks-button-group-0a6b73d3\" class=\"wp-block-themeisle-blocks-button-group collapse-mobile wp-block-buttons align-center\">\n<div id=\"wp-block-themeisle-blocks-button-921b97a8\" class=\"wp-block-themeisle-blocks-button wp-block-button is-style-fill\"><a href=\"https:\/\/drive.google.com\/file\/d\/1eZTQo1Bv2Gw7_USDgFO-g66y1YF-H_bm\/view\" target=\"_blank\" rel=\"noopener noreferrer\" class=\"wp-block-button__link\"><i class=\"far fa-fw fa-arrow-alt-circle-down margin-right\"><\/i><span>DOSSIER DE PRESENTATION 2022<\/span><\/a><\/div>\n<\/div>\n<\/div>\n<\/div><\/div>\n","protected":false},"excerpt":{"rendered":"","protected":false},"author":1,"featured_media":0,"parent":0,"menu_order":0,"comment_status":"closed","ping_status":"closed","template":"page-templates\/template-pagebuilder-full-width.php","meta":{"neve_meta_sidebar":"full-width","neve_meta_container":"","neve_meta_enable_content_width":"on","neve_meta_content_width":100,"neve_meta_title_alignment":"","neve_meta_author_avatar":"","neve_post_elements_order":"","neve_meta_disable_header":"","neve_meta_disable_footer":"","neve_meta_disable_title":"","_themeisle_gutenberg_block_has_review":false,"_ti_tpc_template_sync":false,"_ti_tpc_template_id":"1qjlm7vwlcouxxbejza5"},"_links":{"self":[{"href":"http:\/\/lechampdesbaleines.com\/index.php\/wp-json\/wp\/v2\/pages\/682"}],"collection":[{"href":"http:\/\/lechampdesbaleines.com\/index.php\/wp-json\/wp\/v2\/pages"}],"about":[{"href":"http:\/\/lechampdesbaleines.com\/index.php\/wp-json\/wp\/v2\/types\/page"}],"author":[{"embeddable":true,"href":"http:\/\/lechampdesbaleines.com\/index.php\/wp-json\/wp\/v2\/users\/1"}],"replies":[{"embeddable":true,"href":"http:\/\/lechampdesbaleines.com\/index.php\/wp-json\/wp\/v2\/comments?post=682"}],"version-history":[{"count":16,"href":"http:\/\/lechampdesbaleines.com\/index.php\/wp-json\/wp\/v2\/pages\/682\/revisions"}],"predecessor-version":[{"id":846,"href":"http:\/\/lechampdesbaleines.com\/index.php\/wp-json\/wp\/v2\/pages\/682\/revisions\/846"}],"wp:attachment":[{"href":"http:\/\/lechampdesbaleines.com\/index.php\/wp-json\/wp\/v2\/media?parent=682"}],"curies":[{"name":"wp","href":"https:\/\/api.w.org\/{rel}","templated":true}]}}